{"id":692,"date":"2016-03-10T14:36:36","date_gmt":"2016-03-10T14:36:36","guid":{"rendered":"http:\/\/houzez01.favethemes.com\/?page_id=692"},"modified":"2020-10-30T06:09:27","modified_gmt":"2020-10-30T06:09:27","slug":"about-houzez","status":"publish","type":"page","link":"http:\/\/www.citilusa.pt\/?page_id=692","title":{"rendered":"Sobre n\u00f3s"},"content":{"rendered":"\t\t<div data-elementor-type=\"wp-post\" data-elementor-id=\"692\" class=\"elementor elementor-692\" data-elementor-settings=\"[]\">\n\t\t\t\t\t\t<div class=\"elementor-inner\">\n\t\t\t\t\t\t\t<div class=\"elementor-section-wrap\">\n\t\t\t\t\t\t\t<section class=\"elementor-section elementor-top-section elementor-element elementor-element-8d8cba7 elementor-section-boxed elementor-section-height-default elementor-section-height-default elementor-invisible\" data-id=\"8d8cba7\" data-element_type=\"section\" data-settings=\"{&quot;animation&quot;:&quot;slideInUp&quot;}\">\n\t\t\t\t\t\t<div class=\"elementor-container elementor-column-gap-default\">\n\t\t\t\t\t\t\t<div class=\"elementor-row\">\n\t\t\t\t\t<div class=\"elementor-column elementor-col-100 elementor-top-column elementor-element elementor-element-055b0b6\" data-id=\"055b0b6\" data-element_type=\"column\">\n\t\t\t<div class=\"elementor-column-wrap elementor-element-populated\">\n\t\t\t\t\t\t\t<div class=\"elementor-widget-wrap\">\n\t\t\t\t\t\t<div class=\"elementor-element elementor-element-01242b8 elementor-invisible elementor-widget elementor-widget-heading\" data-id=\"01242b8\" data-element_type=\"widget\" data-settings=\"{&quot;_animation&quot;:&quot;fadeIn&quot;}\" data-widget_type=\"heading.default\">\n\t\t\t\t<div class=\"elementor-widget-container\">\n\t\t\t<h4 class=\"elementor-heading-title elementor-size-default\">Quem Somos?<\/h4>\t\t<\/div>\n\t\t\t\t<\/div>\n\t\t\t\t\t\t<\/div>\n\t\t\t\t\t<\/div>\n\t\t<\/div>\n\t\t\t\t\t\t\t\t<\/div>\n\t\t\t\t\t<\/div>\n\t\t<\/section>\n\t\t\t\t<section class=\"elementor-section elementor-top-section elementor-element elementor-element-15d05f7 elementor-section-content-top elementor-section-boxed elementor-section-height-default elementor-section-height-default elementor-invisible\" data-id=\"15d05f7\" data-element_type=\"section\" data-settings=\"{&quot;animation&quot;:&quot;slideInUp&quot;}\">\n\t\t\t\t\t\t<div class=\"elementor-container elementor-column-gap-extended\">\n\t\t\t\t\t\t\t<div class=\"elementor-row\">\n\t\t\t\t\t<div class=\"elementor-column elementor-col-50 elementor-top-column elementor-element elementor-element-dec53cc\" data-id=\"dec53cc\" data-element_type=\"column\">\n\t\t\t<div class=\"elementor-column-wrap elementor-element-populated\">\n\t\t\t\t\t\t\t<div class=\"elementor-widget-wrap\">\n\t\t\t\t\t\t<div class=\"elementor-element elementor-element-ba9c0a6 elementor-widget elementor-widget-text-editor\" data-id=\"ba9c0a6\" data-element_type=\"widget\" data-widget_type=\"text-editor.default\">\n\t\t\t\t<div class=\"elementor-widget-container\">\n\t\t\t\t\t<div class=\"elementor-text-editor elementor-clearfix\"><p>Citilusa Investimentos Imobili\u00e1rios Lda, \u00e9 uma empresa de promo\u00e7\u00e3o e investimento no sector do imobili\u00e1rio, sediada no Porto.<\/p><p>Tem evolu\u00eddo continuamente e de forma sustentada.<\/p><p>As principais \u00e1reas de neg\u00f3cio s\u00e3o:<\/p><p>&#8211; Compra e venda de im\u00f3veis<br \/>&#8211; Reabilita\u00e7\u00e3o de Edif\u00edcios<br \/>&#8211; Gest\u00e3o de projectos imobili\u00e1rios<br \/>&#8211; Comercializa\u00e7\u00e3o de im\u00f3veis<\/p><\/div>\n\t\t\t\t<\/div>\n\t\t\t\t<\/div>\n\t\t\t\t\t\t<\/div>\n\t\t\t\t\t<\/div>\n\t\t<\/div>\n\t\t\t\t<div class=\"elementor-column elementor-col-50 elementor-top-column elementor-element elementor-element-202333e\" data-id=\"202333e\" data-element_type=\"column\">\n\t\t\t<div class=\"elementor-column-wrap elementor-element-populated\">\n\t\t\t\t\t\t\t<div class=\"elementor-widget-wrap\">\n\t\t\t\t\t\t<div class=\"elementor-element elementor-element-672c109 elementor-widget elementor-widget-text-editor\" data-id=\"672c109\" data-element_type=\"widget\" data-widget_type=\"text-editor.default\">\n\t\t\t\t<div class=\"elementor-widget-container\">\n\t\t\t\t\t<div class=\"elementor-text-editor elementor-clearfix\"><p>Investimos em im\u00f3veis de refer\u00eancia, projectando com excel\u00eancia nos melhores locais.<\/p><p>Estamos presentes na reabilita\u00e7\u00e3o da cidade do Porto, com destaque no sector do arrendamento habitacional onde temos as melhores op\u00e7\u00f5es residenciais.\u00a0<\/p><p><em>creating communities&#8230;\u00a0<\/em><\/p><p><strong>Pelo prazer de viver no Porto!<\/strong><\/p><\/div>\n\t\t\t\t<\/div>\n\t\t\t\t<\/div>\n\t\t\t\t\t\t<\/div>\n\t\t\t\t\t<\/div>\n\t\t<\/div>\n\t\t\t\t\t\t\t\t<\/div>\n\t\t\t\t\t<\/div>\n\t\t<\/section>\n\t\t\t\t\t\t<\/div>\n\t\t\t\t\t\t<\/div>\n\t\t\t\t\t<\/div>\n\t\t","protected":false},"excerpt":{"rendered":"<p>Quem Somos? Citilusa Investimentos Imobili\u00e1rios Lda, \u00e9 uma empresa de promo\u00e7\u00e3o e investimento no sector do imobili\u00e1rio, sediada no Porto. Tem evolu\u00eddo continuamente e de forma sustentada. As principais \u00e1reas de neg\u00f3cio s\u00e3o: &#8211; Compra e venda de im\u00f3veis &#8211; Reabilita\u00e7\u00e3o de Edif\u00edcios &#8211; Gest\u00e3o de projectos imobili\u00e1rios &#8211; Comercializa\u00e7\u00e3o de im\u00f3veis Investimos em im\u00f3veis [&hellip;]<\/p>\n","protected":false},"author":1,"featured_media":0,"parent":0,"menu_order":0,"comment_status":"closed","ping_status":"closed","template":"","meta":[],"_links":{"self":[{"href":"http:\/\/www.citilusa.pt\/index.php?rest_route=\/wp\/v2\/pages\/692"}],"collection":[{"href":"http:\/\/www.citilusa.pt\/index.php?rest_route=\/wp\/v2\/pages"}],"about":[{"href":"http:\/\/www.citilusa.pt\/index.php?rest_route=\/wp\/v2\/types\/page"}],"author":[{"embeddable":true,"href":"http:\/\/www.citilusa.pt\/index.php?rest_route=\/wp\/v2\/users\/1"}],"replies":[{"embeddable":true,"href":"http:\/\/www.citilusa.pt\/index.php?rest_route=%2Fwp%2Fv2%2Fcomments&post=692"}],"version-history":[{"count":31,"href":"http:\/\/www.citilusa.pt\/index.php?rest_route=\/wp\/v2\/pages\/692\/revisions"}],"predecessor-version":[{"id":8519,"href":"http:\/\/www.citilusa.pt\/index.php?rest_route=\/wp\/v2\/pages\/692\/revisions\/8519"}],"wp:attachment":[{"href":"http:\/\/www.citilusa.pt\/index.php?rest_route=%2Fwp%2Fv2%2Fmedia&parent=692"}],"curies":[{"name":"wp","href":"https:\/\/api.w.org\/{rel}","templated":true}]}}